3*z. Determine t(z).
5
Let m(k) = -k**3 + k. Let i(l) = -5*l**3 - 4*l**2 + 4*l + 3. Let r(j) = -i(j) + 6*m(j). Give r(4).
5
Let f(g) = g**2 - 2*g. Let c be f(2). Let l(o) = c*o - 4*o + 1 + 7*o. What is l(1)?
4
Let j(l) = 2*l**2 - l**3 - 6*l**2 + 1 + 8*l - 10*l. Let k = -16 - -26. Let f = k + -14. What is j(f)?
9
Let g(l) = l**3 + 7*l**2 + 5*l - 7. Let c be g(-6). Let f = 0 - c. Let k(q) = 39*q**3 - 35*q**3 - q - 1 + 2*q**2 + 3*q - 4*q**2. What is k(f)?
3
Suppose q + 3 - 12 = 2*a, 5*q + 20 = -3*a. Let m be 2/3*(2 - -1). Let w(g) = 4*g + 2*g - m*g. Calculate w(q).
-4
Suppose 4*q - 3*q - 5*m = 18, 3*m = -4*q - 20. Let l(f) = -f**2 - f + 1. Let s(i) = i**3 - 6*i**2 - 3*i + 8. Let n(h) = -6*l(h) + s(h). Give n(q).
-12
Let k(n) be the third derivative of -n**5/12 - n**4/12 + n**3/6 + 17*n**2. What is k(1)?
-6
Let b(m) = -m**3 - 10*m**2 + 2. Let l be b(-10). Let q(k) = k**3 - k**2 - 1 - 1 + 0*k**2. What is q(l)?
2
Let b(g) = -g**3 - 4*g**2 - 4*g. Let c be b(-3). Let k(u) = -2*u**3 + 3*u**2 - 5*u + 4*u + u**3. Determine k(c).
-3
Let s(y) = 7*y**2 - 6*y - 5. Let i = 5 + -9. Let a(b) = -15*b**2 + 13*b + 11. Let w(v) = i*a(v) - 9*s(v). Give w(-1).
-4
Suppose 0 = -l - 5*k - 14, -l + k = -k - 7. Let p(t) = 21*t - 9. Let b(s) = -10*s + 4. Let o(u) = -7*b(u) - 3*p(u). Calculate o(l).
6
Let c(w) = w**2 - w + 1. Let a(g) be the first derivative of -g**3 - g**2 + 2*g - 1. Let q(p) = -a(p) + c(p). What is q(1)?
4
Let d(i) be the third derivative of 0*i + 1/120*i**6 + 0 - 2/3*i**3 + 1/10*i**5 + 4*i**2 + 1/4*i**4. What is d(-5)?
-9
Let a(g) = -4 + 4 + g + 1. Give a(-4).
-3
Let r be (-7)/(21/(-27))*-1. Let l(m) = -m - 3. Calculate l(r).
6
Let m(k) = -6*k - 4. Suppose -3*s - s = -h - 21, -2*s - 2*h = 2. Suppose 3*r = -r - s*q, -q = 3*r + 6. What is m(r)?
14
Suppose 4*y - 2*c = -8, -2*y + 5*c = 2*c - 4. Let r = y + 8. Let b(t) = t**3 - 3*t**2 - 3*t - 5. What is b(r)?
-1
Let j(w) = -w**2 - 4*w + 9. Let k(h) = 3*h**2 + 12*h - 26. Let z(n) = -11*j(n) - 4*k(n). What is z(-6)?
-7
Let d(t) be the first derivative of -5*t**4/2 - 2*t**3/3 + t + 8. Determine d(-1).
9
Let z(u) = 5*u**3 - 4*u**3 - 5*u**2 + u + 0*u**2 - 6. Let g be ((-9)/6)/(6/16). Let i be 3 - -1 - g/4. Calculate z(i).
-1
Let v(r) = 6*r - 35. Suppose -3 = -4*g + 41. Let j(l) = -l + 7. Let o(x) = g*j(x) + 2*v(x). Give o(-8).
-1
Let u(z) = 5 + z**2 + 0*z**2 - 2*z**2 + 6*z - 2. Let a be u(6). Let c(n) = -n**3 + 3*n**2 - 4. What is c(a)?
-4
Let d be 16/(-56) - -46*(-1)/(-14). Let f(y) = -y**3 + 2*y**2 + 4*y + 1. Calculate f(d).
4
Suppose -6 = -4*x + 6. Let t(p) = -p - 1. Let y be t(x). Let m(a) be the first derivative of a**3/3 + 3*a**2/2 + 1. Calculate m(y).
4
Let g(c) = 2*c + 12. Let h = 11 - 7. Let s = -12 + h. Determine g(s).
-4
Suppose 4*c + 2*c = -36. Let x(k) be the first derivative of -k**2/2 + k + 2. What is x(c)?
7
Let y(w) = -4*w + 2*w + 5*w. Give y(3).
9
Let c(u) = -u - 1. Let r(p) = -p**2 + 10*p + 2. Let t(f) = -3*c(f) - r(f). Let y = -1 - -6. Determine t(y).
-9
Let q(k) be the first derivative of 4 + 5/2*k**2 + 0*k. Determine q(-1).
-5
Let j be 17/5 + 4/(-10). Suppose -4*z + 10 = 5*l - j, -2*l = -2. Suppose 0 = -t - 0*q + z*q - 3, 2*t + 4*q - 10 = 0. Let p(k) = -4*k**2 + k. Calculate p(t).
-3
Let a(t) be the first derivative of -t**2/2 - 3*t + 55. Determine a(-3).
0
Let c(r) = r**2 - r**3 - 4*r - 3 - 2*r - 9*r**2. Calculate c(-7).
-10
Let g(m) = 6*m - 6. Suppose p = 4*k + 20, -k - 12 = 2*k. What is g(p)?
18
Let s(p) = -3*p**2 - 26*p - 12. Let f(a) = 1 - 5 + a**2 - 2*a**2 - 9*a. Let c(t) = 11*f(t) - 4*s(t). Calculate c(-4).
0
Suppose u + 3*k - 8 = 0, 0*u + 24 = 3*u - 3*k. Let z(t) = -t**3 + 7*t**2 + 10*t - 10. Give z(u).
6
Let k(i) = -i**3 - i**2 - i + 1. Let t(w) = w**3 - 2*w**2 + 8*w. Let c(b) = 2*k(b) + t(b). Let m = -20 + 15. Determine c(m).
-3
Let x(q) = -q**2 - 4*q - 3. Let g(l) = l**3 + 9*l**2 - 11*l - 10. Let z be g(-10). Let k be (-10)/(-25)*(-5 + z). What is x(k)?
1
Let g be (-33)/6 - (-1)/4*2. Let y(l) = l**3 + 5*l**2 + 3*l + 7. Calculate y(g).
-8
Let q(f) be the second derivative of 7*f**3/6 - f**2/2 - 2*f. Determine q(1).
6
Let c = -2 - -7. Let p(j) = 0 + 4 - c + 2*j. Determine p(3).
5
Let n be 6 + (3/1)/((-3)/(-4)). Let o(v) = v**2 - 7*v - 10. What is o(n)?
20
Let b be ((-20)/(-6))/((-2)/6). Let z = b + 14. Let c(n) = -n**2 + 7*n - 5. Let a(j) = -j**2 + 8*j - 6. Let u(l) = -4*a(l) + 5*c(l). Give u(z).
-5
Let o(b) = b**2 + 8*b + 6. Suppose 6 = -2*x, -v + 5*x + 15 = 2*x. Let j be 12*1*(-3)/v. Determine o(j).
-6
Let q(g) = 3*g**3 - g + 1. Let f(n) = -n**3 + 6*n**2 - 2*n + 6. Let b be f(6). Let l(w) = 2*w + 9. Let j be l(b). Let d = -2 - j. What is q(d)?
3
Let v(j) = 2 + 0*j - 2*j**2 + 3*j**2 - j. Let o be v(0). Let y(g) = -4*g**2 + 2*g + 2*g + 10*g**o + g**3. Calculate y(-5).
5
Let w(r) = -r**2 + r + 2. Let n be w(3). Let a(m) = 6 + 7*m - 6*m + m. Determine a(n).
-2
Let n = -5 + 12. Suppose -2*k + 3*j + n = 0, k - 2*j = 3 + 1. Let x(l) = 6 + 3*l + 0 - 9. Calculate x(k).
3
Let q(i) = i - 7. Suppose -5*b + 3*o - 9 = -0*o, 0 = -2*b + o - 3. Give q(b).
-7
Let r(p) = p. Suppose -3*g - 5 = -5*d, 3*g + 3 = -12. Let m be 6 - d/(-3 + 1). Suppose 1 = -m*h + 11. Calculate r(h).
2
Let j(g) = 17*g**3 - 7*g - 2. Let p(h) = 25*h**3 - 10*h - 3. Let q = 9 + -4. Let c(y) = q*p(y) - 7*j(y). Give c(-1).
-6
Let f = 16 + -10. Let k(a) = 5*a**2 - 3*a - 3 - 3*a - f*a**2. What is k(-2)?
5
Let w(l) = -7*l**3 - 12*l**2 + 13. Let k(y) be the third derivative of y**6/8 + 5*y**5/12 - 9*y**3/2 + 4*y**2. Let g(m) = -6*k(m) - 13*w(m). Determine g(-6).
-7
Suppose 3 = 3*v - 6*v. Let k be 2*(-2 + (v - -13)). Suppose -4*g - 4*a - 2 = -14, k = 5*a. Let z(l) = -6*l**2 - l. Calculate z(g).
-5
Let j(a) = a**3 + a**2 + 19. Let s(z) = -z - 8. Let w be s(-8). Calculate j(w).
19
Let d(f) = -6*f**2 - 7 - f - 2*f + f**3 - 5*f. Give d(7).
-14
Let t(v) = 4*v + 1. Let l(k) = -1. Let p(s) = l(s) + t(s). Calculate p(-1).
-4
Suppose -8*n + 4*n - 5*q - 32 = 0, 0 = -4*q - 16. Let t(r) = -4*r - 4. Calculate t(n).
8
Let d(k) = 1228*k - 1234*k - 6*k**2 + 4 - 2 - 5 + k**3. What is d(7)?
4
Suppose 4*h - 80 = -0*h. Suppose 3*l - l = -h. Let g be (l/(-8))/(8/(-32)). Let t(i) = i**2 + 4*i - 7. Calculate t(g).
-2
Let c(r) = r**3 + 4*r**2 - 3*r + 4. Let p(g) = -g**2 - 5*g + 1. Let k be p(-6). What is c(k)?
-6
Suppose -4*m + 5*m + 22 = 0. Let h = 24 + m. Let p(g) be the second derivative of -g**4/6 + g**3/6 + g**2 - g. Calculate p(h).
-4
Let m(q) = -q**2 + 2*q + 6. Let o be (-6 - -7) + 2*1. Suppose 0 = -o*l - l + 12. Suppose -5*r - 3 = -l*g - 8*r, -r = -4*g + 24. Give m(g).
-9
Let u(x) be the first derivative of x**3/3 + 2*x**2 - 3*x - 2. Let q be -18 - -6*3/6. Let i = q + 11. Determine u(i).
-3
Suppose 0 = -2*i + 3*k + 22, 0 = 2*i - 5*i - 2*k + 7. Let d(u) = -u + 11. Let z be d(9). Let t(g) = g**z - 10*g + 0 + 4*g + 2. Give t(i).
-3
Suppose -4*p = c - 9*p + 6, -4*p + 4 = 0. Let n(g) = -3 - g + 3 - 2*g**2 - g**3. Give n(c).
0
Suppose 0*l = -i + l + 7, 0 = -4*i - 4*l + 20. Let q(k) = -2*k. What is q(i)?
-12
Let u(p) = -p - 5. Let n be (21/12)/(1/4). Let m(g) = -g**3 + 0 - 6 - n*g**2 + 0*g**3 + 8*g. Let o be m(-8). Determine u(o).
1
Suppose -8*z = -6*z - 6. Let k(m) be the first derivative of 1/2*m**2 + 5/4*m**4 + 0*m + 2/3*m**z - 3. Give k(-1).
-4
Let h(z) = -z - 3 - 3 - 1. Let l = 6 + -13. Give h(l).
0
Let v(b) = -12*b - 14. Let f be v(-4). Let s(g) = 33*g - 2 - f*g - 1. Determine s(-6).
3
Let h(b) = 1 - b - b + b. Let l be (-52)/14 - 4/14. Let x = 7 + l. What is h(x)?
-2
Let g(o) = -2*o - 1. Let h(p) = 3*p + 2. Let q(b) = b**3 + 7*b**2 + 6*b - 5. Let n be q(-6). Let s(a) = n*g(a) - 3*h(a). Calculate s(-3).
-4
Let z(b) be the second derivative of -b**5/20 + b**4/6 - 2*b**3/3 + b**2 + 12*b. What is z(2)?
-6
Let d(z) = 41*z**3 - 28*z**3 + 15 - 14*z**3 + z - 11*z**2. Determine d(-11).
4
Let k be 14*(1 + 10 + 1). Suppose -5*n - 68 = -k. Let s be n/(-8)*4/(-5). Let c(q) = -4*q + 2. Give c(s).
-6
Let z(b) = -3*b + 6. Let c = 1 - -13. Let o = -10 + c. Suppose f + 10 + o = 4*p, f = -p + 6. Calculate z(p).
-6
Let o(f) = -6*f - 3. Let c(z) be the second derivative of 31*z**3/6 + 8*z**2 - 3*z. Let i(r) = 2*c(r) + 11*o(r). What is i(2)?
-9
Let c(n) = -n**3 - 3*n**2 + n + 1. Suppose -4*t = -3*s + 10, -2*t - 2*s + 6*s = 0. Give c(t).
13
Let y(w) = 2 - 2 + 2 + 0 + 3